18 = -u. Is ((4302/u)/(-3))/(3/28) a prime number?
False
Let z(b) = 32*b + 17. Let w be z(6). Let h = w - -830. Is h composite?
False
Suppose -349289 - 5733542 = -38*n + 25852939. Is n a composite number?
True
Suppose -4*i - 16 + 3 = -3*t, i - 5*t + 16 = 0. Let f(a) = 6249*a**2 + 2*a. Is f(i) prime?
True
Suppose 7*k = 19 - 89. Let y = k + 14. Suppose -5*n + 1201 = 4*l, -l - 217 = -n + y*l. Is n prime?
False
Let u(c) = 14*c - 16. Let d be (-4752)/120 - (-2)/(-5). Let r = d - -55. Is u(r) a prime number?
False
Let i(w) = 51*w**3 - 33*w**2 + 70*w + 41. Is i(17) a prime number?
True
Is (913212 - -2)*((-195)/26 + 8) prime?
True
Suppose t + 4*m = -4*t + 65, -4*t + 52 = 3*m. Suppose t*y - 15218 = -y. Is y a composite number?
False
Let g(t) = 47720*t + 1291. Is g(8) a prime number?
True
Suppose -5*u + 2 + 8 = 0. Suppose 4*a + u*a - 42 = 0. Let s(z) = 118*z - 5. Is s(a) composite?
False
Let s = 232753 - -173080. Is s prime?
False
Let b be (-9)/(-27) - 3/((-27)/312). Suppose j = b - 33. Suppose 0 = -4*l + 4*g + 172, 0 = -j*l + 7*l - 3*g - 223. Is l prime?
True
Suppose 10*l + 6928 = 18*l. Let g = 1901 - l. Let k = g - 638. Is k a prime number?
True
Let m be ((-28)/42)/(1 - 13214/13218). Let p = 3762 - 5316. Let b = p - m. Is b a composite number?
True
Let k be 293/(-3)*(-167 + 2). Suppose 3*l - 69668 = -k. Is l a prime number?
True
Let s be (-6)/(-4) - ((-22362)/(-4) - -3). Let i = s - -9321. Suppose -i = 7*c - 10*c. Is c a composite number?
True
Is -6812*(-196)/40 - (-12)/60 a prime number?
False
Let g = 227895 + -154112. Is g a composite number?
False
Let g(v) = 2*v**2 + 45*v**2 - v**3 + 78*v - 20*v**2 + 3. Is g(25) composite?
False
Suppose -12*u - 80075 - 4099429 = 0. Is u/84*2*9/(-6) a composite number?
True
Suppose -2*h = -7 - 3. Let n(b) = 2*b - 10. Let z be n(h). Suppose 17*g - 16*g - 4049 = z. Is g a prime number?
True
Let r(y) = y. Let l(o) = -2*o**2 - 15*o - 10. Let k(p) = -l(p) - 6*r(p). Let t be k(-4). Suppose -890 = -t*x + 1096. Is x composite?
False
Suppose -2*t = -10998 - 2854. Let s = t + -4381. Is s composite?
True
Is 132591704/714 - (-28)/(-6) a prime number?
False
Let x(c) = 618*c**3 + 6*c**2 + 5*c + 5. Let a(s) = 619*s**3 + 5*s**2 + 5*s + 5. Let z(p) = -7*a(p) + 6*x(p). Is z(-1) a prime number?
False
Let g = -19 - 2. Let h be 7 - 3 - 6 - 4. Is 542/14 - (0 - h/g) prime?
False
Let d(w) = 3*w**3 - 10*w**2 + w + 37. Let o be 22/(-5*(-12)/30). Is d(o) a composite number?
True
Let z(f) = -3*f**3 + f**2 - 3*f - 9. Let r be z(0). Is (r + 8)*(-2054 + 1) a composite number?
False
Let b = -60 - -64. Suppose b*p - 5459 = 5*x, -608 = p + 3*x - 1960. Is p composite?
False
Suppose 685708 + 1491717 = 25*f. Is f composite?
True
Let p = 42 + -40. Suppose p*w = -5*w + 14. Is ((-790)/15)/(w/(-33)) composite?
True
Let f = 39 + -40. Let c be 5*(0/f + (-4 - -1)). Let u(v) = -100*v + 29. Is u(c) a composite number?
True
Let d(c) = -274*c**3 + 12*c**2 - 19*c - 26. Let p be d(-7). Suppose 15411 = -6*i + p. Is i prime?
False
Suppose -2*h = -f + 1323 - 4324, 5*f = -2*h + 2983. Let z = h - 706. Is z composite?
True
Suppose 10 = 2*o - 54. Suppose 0 = 4*s + 2*w - o + 8, 4*w = s + 3. Is 5/(s/84) - (-18 + 15) a composite number?
True
Let o(m) = -9212*m - 7251. Is o(-4) composite?
True
Let o = -12 + 17. Let f(t) = 11*t**2 + 9*t - 5. Let h(w) = -23*w**2 - 19*w + 8. Let u(n) = -5*f(n) - 3*h(n). Is u(o) a prime number?
False
Let g(j) = -2507*j**3 - 3*j**2 + 17*j + 43. Is g(-2) prime?
False
Let v = 93323 - 27264. Is v prime?
False
Suppose -13*u + 10348 = 689. Is u prime?
True
Let f(q) be the second derivative of 305*q**4/6 + 2*q**3/3 - q**2/2 + 115*q. Is f(1) a prime number?
True
Let r = 603 - 167. Let d = r + -1018. Let t = -349 - d. Is t composite?
False
Suppose 4*a - 9*v - 45108 = -8*v, -a = -4*v - 11262. Is a a composite number?
True
Let w = 187 - 183. Suppose -w*p = -16*p + 87276. Is p prime?
False
Let w = -18881 + 44376. Is w composite?
True
Suppose w = -4*x + 16, w - 1 = -2*x + 5. Suppose -2*t + 15283 = 4*a - 303, x*a + 5*t - 19470 = 0. Is a prime?
False
Suppose -36 = 14*k - 5*k. Let i(g) = 537*g - 17. Let b be i(k). Let q = -954 - b. Is q a prime number?
False
Suppose -8*n - 6 = -5*n, 3*n + 6 = -2*c. Suppose c = -64*h + 53*h + 385. Is h a prime number?
False
Suppose 0 = a + 4*x - 32, 2*x - 10 = -0*x. Suppose 0 = a*y - 1121 - 21175. Suppose 0 = -7*b + 5*b + y. Is b composite?
False
Let f = -96570 - -135863. Is f a prime number?
True
Let w = 89519 + -16780. Is w a prime number?
True
Let f = -26 - -61. Suppose f*o - 9*o = 259142. Is o prime?
True
Suppose 45*f + 24 = 53*f. Suppose -11*r = -9*r + f*a - 38954, -2*r + 5*a + 38986 = 0. Is r composite?
False
Let y be (21531/(-9))/(9/(-135)). Suppose -627*q + 622*q = -y. Is q a composite number?
False
Is 56659*(-6*1/(-12))/(15/30) composite?
False
Suppose 3*n = -8 + 14. Suppose -n*b + 3*b - 2*g = 20, -5*b + 70 = -4*g. Suppose -b*u = -6*u - 276. Is u a prime number?
False
Suppose 2*i = 3*v - 19, 3*v - 22 = -2*i + 13. Suppose v*x = 26435 + 27304. Is x a composite number?
True
Suppose 2*t = -3*t - 5, u = 3*t. Let p(m) = -527*m + 58. Is p(u) a prime number?
False
Suppose -4 = x - 2*x, -26 = -3*b - 5*x. Suppose 2*r - 11*u + 15*u = -8, -2 = -4*r - b*u. Suppose 0 = -4*f - 4*v + 1216, -r*v + 915 = -f + 4*f. Is f composite?
False
Suppose 11*j + 108 = 29*j. Suppose 0 = 3*d - j*d + 105483. Is d a composite number?
True
Let c = 217 + -214. Is (2 - c)*(-5)/(10/1626) a composite number?
True
Is ((-24)/(-6) - 7 - (2 + -4))*-989467 composite?
False
Let v(l) = -6*l + 93. Let u be v(13). Is 2*(4 + 78*u/12) prime?
False
Let k be 0 - ((17 - 8) + 9/(-3)). Let z(o) = 60*o**2 - 13*o - 35. Is z(k) prime?
True
Is ((-334266)/4)/(21/154*-11) a prime number?
True
Let q be (4/(-5))/(-4 - (-58)/15). Let b be (-8)/q*(-18)/12 + -2. Suppose -3*n + 1786 + 1241 = b. Is n a composite number?
False
Let m(r) = -199*r + 64. Let g be m(-21). Suppose -4*v = -i + 11810, -i + 3*v - 2*v + 11804 = 0. Suppose i = 5*z - g. Is z prime?
True
Let n(b) be the second derivative of -b**5/10 - 11*b**4/12 + 4*b**3/3 + 3*b**2 + 15*b. Is n(-11) composite?
False
Suppose -5*x = -n - 3012939 + 861425, -2*x + 4*n = -860602. Is x prime?
True
Let b(m) = 120*m**3 - 10*m**2 + 5*m + 241. Is b(20) prime?
True
Is 1/(50/15) + (-2435678)/(-140) prime?
False
Let w(g) = g**3 + g**2 - g. Let q(j) = -73*j**3 - 8*j**2 + 3*j + 3. Let n(m) = -2*m + 24. Let x be n(10). Let y(i) = x*w(i) + q(i). Is y(-2) a composite number?
False
Let j(o) be the third derivative of -303*o**4/8 - o**3/2 - 6*o**2. Let d be j(-3). Let f = d + -997. Is f a prime number?
False
Let b(v) = 45 + 13*v - 217*v**2 - 219*v**2 + 666*v**2 - 214*v**2. Is b(-14) prime?
True
Let r be (-3)/(-2)*(10 + -8) + 0. Let l(f) = -220*f**2 - 3*f + 3. Let b be l(r). Is (b/15)/((-4)/10) a composite number?
False
Suppose 13*l - 39*l = -15*l - 652663. Is l a composite number?
False
Suppose 214388 = 3*q - 134579 - 7394. Is q a prime number?
True
Let l(j) = -4*j - 20. Let p be l(-5). Suppose p = 6*i - i - 35. Suppose i*f = 15*f - 26072. Is f a prime number?
True
Suppose -107*h + 194*h - 96889377 = 0. Is h prime?
False
Let x = -65 + 67. Suppose -x*b - 4 = -4*s + 6*s, -b - 3*s - 6 = 0. Suppose b = 3*h - 690 - 1545. Is h prime?
False
Suppose u - 1765313 - 844634 = -3*a, 4*a - 3479942 = 5*u. Is a a prime number?
True
Let r be ((-255)/(-17))/((2*1)/(-426)). Let h = r - -6118. Is h prime?
False
Let x(f) = -87*f**3 - 5*f**2 - 4*f + 1. Suppose -3*l = 99 + 162. Let s = 84 + l. Is x(s) a prime number?
False
Let n(f) = 404*f**3 - 2*f**2 - f - 1. Let i be n(-2). Let k = -2230 - i. Is k composite?
False
Let o = -12 - -14. Suppose 5*a - 12590 = -5*d, -a = -2*d - o*a + 5034. Suppose -2*g - 7599 = -3*c, -2*c - 5*g = -c - d. Is c prime?
True
Let f(w) = 220*w - 54. Let j be f(23). Suppose 4*y - 7500 - 2512 = 4*c, j = 2*y + 2*c. Is y a composite number?
False
Suppose 55*l - 1528145 = 742145. Is l prime?
False
Is 861199 + (-8)/(-192)*0 a composite number?
False
Let k(h) = 57*h**2 + 634*h + 123. Is k(56) a composite number?
True
Let n = 41 - 37. Let s(i) = 7*i**2 - i - 2. Let c be s(n). Let y = 233 - c. Is y a prime number?
True
Suppose -3*l + 1670549 = 5*r, -2*l + 37*r - 34*r = -1113674. Is l composite?
True
Let w be 10/2 + 3/(-3). Suppose -o - 5 = -2*u + 2, 4*u + w